{"id":2436,"date":"2018-09-17T09:47:11","date_gmt":"2018-09-17T07:47:11","guid":{"rendered":"http:\/\/www.theaterzirkus-dresden.de\/wp-content\/uploads\/2018\/09\/Komm-s\u00fc\u00dfer-Tod.jpg"},"modified":"2021-07-01T09:51:23","modified_gmt":"2021-07-01T07:51:23","slug":"komm-suesser-tod-2-3","status":"inherit","type":"attachment","link":"http:\/\/www.theaterzirkus-dresden.de\/en\/komm-suesser-tod-2-3\/","title":{"rendered":"Komm s\u00fc\u00dfer Tod"},"author":3,"featured_media":0,"comment_status":"closed","ping_status":"closed","template":"","meta":[],"class_list":["post-2436","attachment","type-attachment","status-inherit","hentry"],"translation":{"provider":"WPGlobus","version":"3.0.2","language":"en","enabled_languages":["de","en"],"languages":{"de":{"title":true},"en":{"title":false}}},"description":{"rendered":"<p class=\"attachment\"><a href='http:\/\/www.theaterzirkus-dresden.de\/wp-content\/uploads\/2018\/09\/Komm-s\u00fc\u00dfer-Tod.jpg'>Komm s\u00fc\u00dfer Tod<\/a><\/p>\n"},"caption":{"rendered":"<p>Komm s\u00fc\u00dfer Tod<\/p>\n<p><a href=\"http:\/\/www.theaterzirkus-dresden.de\/en\/komm-suesser-tod-2-3\/\"><span class=\"glyphicon glyphicon-arrow-right\"><\/span>&nbsp;Continue reading<\/a><\/p>"},"alt_text":"","media_type":"file","mime_type":"image\/jpeg","media_details":{},"post":null,"source_url":"http:\/\/www.theaterzirkus-dresden.de\/wp-content\/uploads\/2018\/09\/Komm-s\u00fc\u00dfer-Tod.jpg","_links":{"self":[{"href":"http:\/\/www.theaterzirkus-dresden.de\/en\/wp-json\/wp\/v2\/media\/2436","targetHints":{"allow":["GET"]}}],"collection":[{"href":"http:\/\/www.theaterzirkus-dresden.de\/en\/wp-json\/wp\/v2\/media"}],"about":[{"href":"http:\/\/www.theaterzirkus-dresden.de\/en\/wp-json\/wp\/v2\/types\/attachment"}],"author":[{"embeddable":true,"href":"http:\/\/www.theaterzirkus-dresden.de\/en\/wp-json\/wp\/v2\/users\/3"}],"replies":[{"embeddable":true,"href":"http:\/\/www.theaterzirkus-dresden.de\/en\/wp-json\/wp\/v2\/comments?post=2436"}]}}

http://www.theaterzirkus-dresden.de/wp-content/uploads/2018/09/Komm-süßer-Tod.jpg

Komm süßer Tod

<p class="attachment"><a href='http://www.theaterzirkus-dresden.de/wp-content/uploads/2018/09/Komm-süßer-Tod.jpg'>Komm süßer Tod</a></p>

<p>Komm süßer Tod</p>
<p><a href="http://www.theaterzirkus-dresden.de/en/komm-suesser-tod-2-3/"><span class="glyphicon glyphicon-arrow-right"></span>&nbsp;Continue reading</a></p>
